{"id":4793,"date":"2017-06-18T12:02:28","date_gmt":"2017-06-18T10:02:28","guid":{"rendered":"http:\/\/www.xprag.de\/?page_id=4793"},"modified":"2021-08-05T15:42:50","modified_gmt":"2021-08-05T13:42:50","slug":"exq-members","status":"publish","type":"page","link":"https:\/\/www.xprag.de\/?page_id=4793","title":{"rendered":"ExQ Members"},"content":{"rendered":"<p><a href=\"https:\/\/www.xprag.de\/?page_id=4791\" title=\"ExQ\">&larr; back to project page<\/a><\/p>\n<p><strong>Principal investigators:<\/strong><br \/>\n <a  onclick=\"showBio(2071);\">Prof. Dr. Edgar Onea <\/a><br \/>\n<em>Universit\u00e4t Graz<\/em><br \/>\n <a  onclick=\"showBio(2087);\">Prof. Dr. Malte Zimmermann<\/a><br \/>\n<em>Universit\u00e4t Potsdam<\/em><\/p>\n<p><strong>Staff:<\/strong><br \/>\n<a  onclick=\"showBio(4911);\">Lea Fricke<\/a> (PhD student)<br \/>\n <em>Universit\u00e4t Graz<\/em><\/p>\n<p><strong>Former staff:<\/strong><br \/>\n <a  onclick=\"showBio(4907);\">Carla Bombi<\/a> (PhD student, 2017-19)<br \/>\n<em>Universit\u00e4t Potsdam<\/em><br \/>\n <a  onclick=\"showBio(8279);\">Dr. Dominique Blok<\/a> (Post-Doc, 2019-2021)<br \/>\n<em>Universit\u00e4t Potsdam<\/em><\/p>\n","protected":false},"excerpt":{"rendered":"<p>&larr; back to project page Principal investigators: Prof. Dr. Edgar Onea Universit\u00e4t Graz Prof. Dr. Malte Zimmermann Universit\u00e4t Potsdam Staff: Lea Fricke (PhD student) Universit\u00e4t Graz Former staff: Carla Bombi (PhD student, 2017-19) Universit\u00e4t Potsdam Dr. Dominique Blok (Post-Doc, 2019-2021) Universit\u00e4t Potsdam<\/p>\n","protected":false},"author":1,"featured_media":0,"parent":4791,"menu_order":0,"comment_status":"closed","ping_status":"closed","template":"static_page.php","meta":{"footnotes":""},"_links":{"self":[{"href":"https:\/\/www.xprag.de\/index.php?rest_route=\/wp\/v2\/pages\/4793"}],"collection":[{"href":"https:\/\/www.xprag.de\/index.php?rest_route=\/wp\/v2\/pages"}],"about":[{"href":"https:\/\/www.xprag.de\/index.php?rest_route=\/wp\/v2\/types\/page"}],"author":[{"embeddable":true,"href":"https:\/\/www.xprag.de\/index.php?rest_route=\/wp\/v2\/users\/1"}],"replies":[{"embeddable":true,"href":"https:\/\/www.xprag.de\/index.php?rest_route=%2Fwp%2Fv2%2Fcomments&post=4793"}],"version-history":[{"count":13,"href":"https:\/\/www.xprag.de\/index.php?rest_route=\/wp\/v2\/pages\/4793\/revisions"}],"predecessor-version":[{"id":9490,"href":"https:\/\/www.xprag.de\/index.php?rest_route=\/wp\/v2\/pages\/4793\/revisions\/9490"}],"up":[{"embeddable":true,"href":"https:\/\/www.xprag.de\/index.php?rest_route=\/wp\/v2\/pages\/4791"}],"wp:attachment":[{"href":"https:\/\/www.xprag.de\/index.php?rest_route=%2Fwp%2Fv2%2Fmedia&parent=4793"}],"curies":[{"name":"wp","href":"https:\/\/api.w.org\/{rel}","templated":true}]}}