{"id":4803,"date":"2017-06-18T12:11:24","date_gmt":"2017-06-18T10:11:24","guid":{"rendered":"http:\/\/www.xprag.de\/?page_id=4803"},"modified":"2020-06-26T15:02:30","modified_gmt":"2020-06-26T13:02:30","slug":"braisico-members","status":"publish","type":"page","link":"https:\/\/www.xprag.de\/?page_id=4803","title":{"rendered":"BraiSiCo Members"},"content":{"rendered":"<p><a href=\"https:\/\/www.xprag.de\/?page_id=4801\" title=\"BraiSiCo\">&larr; back to project page<\/a><\/p>\n<p><strong>Principal investigators:<\/strong><br \/>\n<a  onclick=\"showBio(4997);\">Prof. Dr. Friedemann Pulverm\u00fcller<\/a><br \/>\n<em>Freie Universit\u00e4t Berlin<\/em><\/p>\n<p><strong>Staff:<\/strong><br \/>\n<a  onclick=\"showBio(5059);\">Dr. Rosario Tomasello<\/a><br \/>\n<a  onclick=\"showBio(5057);\">Isabella Boux<\/a> (PhD student)<br \/>\n<em>Freie Universit\u00e4t Berlin<\/em><\/p>\n<p><strong>Former members:<\/strong><br \/>\nKonstantina Margiotoudi (2019-20)<br \/>\n<em>Freie Universit\u00e4t Berlin<\/em><\/p>\n","protected":false},"excerpt":{"rendered":"<p>&larr; back to project page Principal investigators: Prof. Dr. Friedemann Pulverm\u00fcller Freie Universit\u00e4t Berlin Staff: Dr. Rosario Tomasello Isabella Boux (PhD student) Freie Universit\u00e4t Berlin Former members: Konstantina Margiotoudi (2019-20) Freie Universit\u00e4t Berlin<\/p>\n","protected":false},"author":1,"featured_media":0,"parent":4801,"menu_order":0,"comment_status":"closed","ping_status":"closed","template":"static_page.php","meta":{"footnotes":""},"_links":{"self":[{"href":"https:\/\/www.xprag.de\/index.php?rest_route=\/wp\/v2\/pages\/4803"}],"collection":[{"href":"https:\/\/www.xprag.de\/index.php?rest_route=\/wp\/v2\/pages"}],"about":[{"href":"https:\/\/www.xprag.de\/index.php?rest_route=\/wp\/v2\/types\/page"}],"author":[{"embeddable":true,"href":"https:\/\/www.xprag.de\/index.php?rest_route=\/wp\/v2\/users\/1"}],"replies":[{"embeddable":true,"href":"https:\/\/www.xprag.de\/index.php?rest_route=%2Fwp%2Fv2%2Fcomments&post=4803"}],"version-history":[{"count":11,"href":"https:\/\/www.xprag.de\/index.php?rest_route=\/wp\/v2\/pages\/4803\/revisions"}],"predecessor-version":[{"id":8985,"href":"https:\/\/www.xprag.de\/index.php?rest_route=\/wp\/v2\/pages\/4803\/revisions\/8985"}],"up":[{"embeddable":true,"href":"https:\/\/www.xprag.de\/index.php?rest_route=\/wp\/v2\/pages\/4801"}],"wp:attachment":[{"href":"https:\/\/www.xprag.de\/index.php?rest_route=%2Fwp%2Fv2%2Fmedia&parent=4803"}],"curies":[{"name":"wp","href":"https:\/\/api.w.org\/{rel}","templated":true}]}}