{"id":6182,"date":"2018-06-08T20:48:09","date_gmt":"2018-06-08T18:48:09","guid":{"rendered":"http:\/\/www.xprag.de\/?page_id=6182"},"modified":"2018-09-06T13:50:36","modified_gmt":"2018-09-06T11:50:36","slug":"organization-2014-2017","status":"publish","type":"page","link":"https:\/\/www.xprag.de\/?page_id=6182","title":{"rendered":"Organization 2014 &#8211; 2017"},"content":{"rendered":"<p><a href=\"https:\/\/www.xprag.de\/?page_id=222\">&larr; back to the coordination page<\/a><\/p>\n<p><strong>Mercator Fellows:<\/strong><br \/>\nJesse Snedeker, Harvard University<br \/>\nIra Noveck, CNRS Lyon <\/p>\n<p><strong>Steering Commitee:<\/strong><br \/>\nJoseph P. DeVeaugh-Geiss, Universit\u00e4t Potsdam, (Project: <a href=\"https:\/\/www.xprag.de\/?page_id=94\" title=\"ExCl: Exhaustivity in Cleft Sentences\" target=\"_blank\">ExCl<\/a>)<br \/>\nProf. Dr. Barbara Kaup, Universit\u00e4t T\u00fcbingen, (Project: <a href=\"https:\/\/www.xprag.de\/?page_id=77\" title=\"MoLCINS: One- versus two-step models of language comprehension: Investigations employing  negative sentences\" target=\"_blank\">MoLCINS<\/a>)<br \/>\nProf. Dr. Maribel Romero, Universit\u00e4t Konstanz, (Project: <a href=\"https:\/\/www.xprag.de\/?page_id=57\" title=\"BiasQ: Bias in Polar Questions\" target=\"_blank\">BiasQ<\/a>)<br \/>\nProf. Dr. Markus Steinbach, Universit\u00e4t G\u00f6ttingen, (Project: <a href=\"https:\/\/www.xprag.de\/?page_id=108\" title=\"SignRef: Discourse Referents in Space \u2013 Anaphora Resolution in German Sign  Language\" target=\"_blank\">SignRef<\/a>)<\/p>\n","protected":false},"excerpt":{"rendered":"<p>&larr; back to the coordination page Mercator Fellows: Jesse Snedeker, Harvard University Ira Noveck, CNRS Lyon Steering Commitee: Joseph P. DeVeaugh-Geiss, Universit\u00e4t Potsdam, (Project: ExCl) Prof. Dr. Barbara Kaup, Universit\u00e4t T\u00fcbingen, (Project: MoLCINS) Prof. Dr. Maribel Romero, Universit\u00e4t Konstanz, (Project: BiasQ) Prof. Dr. Markus Steinbach, Universit\u00e4t G\u00f6ttingen, (Project: SignRef)<\/p>\n","protected":false},"author":1,"featured_media":0,"parent":222,"menu_order":2,"comment_status":"closed","ping_status":"closed","template":"static_page.php","meta":{"footnotes":""},"_links":{"self":[{"href":"https:\/\/www.xprag.de\/index.php?rest_route=\/wp\/v2\/pages\/6182"}],"collection":[{"href":"https:\/\/www.xprag.de\/index.php?rest_route=\/wp\/v2\/pages"}],"about":[{"href":"https:\/\/www.xprag.de\/index.php?rest_route=\/wp\/v2\/types\/page"}],"author":[{"embeddable":true,"href":"https:\/\/www.xprag.de\/index.php?rest_route=\/wp\/v2\/users\/1"}],"replies":[{"embeddable":true,"href":"https:\/\/www.xprag.de\/index.php?rest_route=%2Fwp%2Fv2%2Fcomments&post=6182"}],"version-history":[{"count":3,"href":"https:\/\/www.xprag.de\/index.php?rest_route=\/wp\/v2\/pages\/6182\/revisions"}],"predecessor-version":[{"id":6849,"href":"https:\/\/www.xprag.de\/index.php?rest_route=\/wp\/v2\/pages\/6182\/revisions\/6849"}],"up":[{"embeddable":true,"href":"https:\/\/www.xprag.de\/index.php?rest_route=\/wp\/v2\/pages\/222"}],"wp:attachment":[{"href":"https:\/\/www.xprag.de\/index.php?rest_route=%2Fwp%2Fv2%2Fmedia&parent=6182"}],"curies":[{"name":"wp","href":"https:\/\/api.w.org\/{rel}","templated":true}]}}