{"id":63,"date":"2014-06-25T15:03:48","date_gmt":"2014-06-25T13:03:48","guid":{"rendered":"http:\/\/www.s532582141.online.de\/?page_id=63"},"modified":"2020-04-07T14:40:40","modified_gmt":"2020-04-07T12:40:40","slug":"procomprag-probabilistic-computational-models-of-pragmatic-inference","status":"publish","type":"page","link":"https:\/\/www.xprag.de\/?page_id=63","title":{"rendered":"ProComPrag: Probabilistic computational models of pragmatic inference"},"content":{"rendered":"<p><strong>Principal investigators:<\/strong><br \/>\n<a onclick=\"showBio(1744);\">Dr. Judith Degen<\/a><br \/>\n<em>Stanford University<\/em><br \/>\n<a onclick=\"showBio(1665);\">Dr. Michael Franke<\/a><br \/>\n<em>Eberhard Karls Universit\u00e4t T\u00fcbingen<\/em><br \/>\n<a onclick=\"showBio(2434);\">Prof. Dr. Gerhard J\u00e4ger<\/a><br \/>\n<em>Eberhard Karls Universit\u00e4t T\u00fcbingen<\/em><\/p>\n<p><strong>Funding period:<\/strong><br \/>\n2014-2017; this project is continued by <a href=\"https:\/\/www.xprag.de\/?page_id=4759\" target=\"_blank\" rel=\"noopener noreferrer\">&#8220;Pro^3: Probabilistic Modeling of pragmatic processing and utterance production&#8221;<\/a><\/p>\n<p><strong>Project description:<\/strong><br \/>\nWe pursue a game theoretic approach to explain the production and interpretation of quantifiers and gradable adjectives with models of probabilistic social reasoning. Similar approaches have recently proven insightful in the analysis of scalar implicatures and quantity inferences involved in the use and interpretation of referential descriptions. These previous models have assumed that the goal of communication was to convey exactly what the speaker had in mind. The current project dispenses with this specific assumption and considers the more general case where communicative success can be gradient. Drawing on methods from mathematical psychology and corpus linguistic we will develop probabilistic models that aim to predict quantitative patterns in production and interpretation of quantifiers and gradable adjectives in context.<\/p>\n","protected":false},"excerpt":{"rendered":"<p>Principal investigators: Dr. Judith Degen Stanford University Dr. Michael Franke Eberhard Karls Universit\u00e4t T\u00fcbingen Prof. Dr. Gerhard J\u00e4ger Eberhard Karls Universit\u00e4t T\u00fcbingen Funding period: 2014-2017; this project is continued by &#8220;Pro^3: Probabilistic Modeling of pragmatic processing and utterance production&#8221; Project description: We pursue a game theoretic approach to explain the production and interpretation of quantifiers &hellip; <a href=\"https:\/\/www.xprag.de\/?page_id=63\" class=\"more-link\">Continue reading <span class=\"screen-reader-text\">ProComPrag: Probabilistic computational models of pragmatic inference<\/span> <span class=\"meta-nav\">&rarr;<\/span><\/a><\/p>\n","protected":false},"author":1,"featured_media":0,"parent":0,"menu_order":11,"comment_status":"closed","ping_status":"closed","template":"project.php","meta":{"footnotes":""},"_links":{"self":[{"href":"https:\/\/www.xprag.de\/index.php?rest_route=\/wp\/v2\/pages\/63"}],"collection":[{"href":"https:\/\/www.xprag.de\/index.php?rest_route=\/wp\/v2\/pages"}],"about":[{"href":"https:\/\/www.xprag.de\/index.php?rest_route=\/wp\/v2\/types\/page"}],"author":[{"embeddable":true,"href":"https:\/\/www.xprag.de\/index.php?rest_route=\/wp\/v2\/users\/1"}],"replies":[{"embeddable":true,"href":"https:\/\/www.xprag.de\/index.php?rest_route=%2Fwp%2Fv2%2Fcomments&post=63"}],"version-history":[{"count":23,"href":"https:\/\/www.xprag.de\/index.php?rest_route=\/wp\/v2\/pages\/63\/revisions"}],"predecessor-version":[{"id":8888,"href":"https:\/\/www.xprag.de\/index.php?rest_route=\/wp\/v2\/pages\/63\/revisions\/8888"}],"wp:attachment":[{"href":"https:\/\/www.xprag.de\/index.php?rest_route=%2Fwp%2Fv2%2Fmedia&parent=63"}],"curies":[{"name":"wp","href":"https:\/\/api.w.org\/{rel}","templated":true}]}}