{"id":8989,"date":"2020-07-02T11:25:37","date_gmt":"2020-07-02T09:25:37","guid":{"rendered":"https:\/\/www.xprag.de\/?page_id=8989"},"modified":"2021-01-19T12:36:06","modified_gmt":"2021-01-19T11:36:06","slug":"the-semantics-and-pragmatics-of-conditional-connectives-workshop-at-the-43rd-annual-conference-of-the-dgfs","status":"publish","type":"page","link":"https:\/\/www.xprag.de\/?page_id=8989","title":{"rendered":"The Semantics and Pragmatics of Conditional Connectives (workshop at the 43rd Annual Conference of the DGfS)"},"content":{"rendered":"<p><strong>Time and venue:<\/strong> Virtually on 24.-26. February 2021 at the University of Freiburg, Germany<\/p>\n<p>Details of the DGfS-annual meeting can be found on this link:<br \/>\n<a href=\"https:\/\/www.linguistik.uni-freiburg.de\/dgfs-jahrestagung-2021\" rel=\"noopener noreferrer\" target=\"_blank\">https:\/\/www.linguistik.uni-freiburg.de\/dgfs-jahrestagung-2021<\/a><\/p>\n<p>Registration is now open. Please register if you plan to attend the conference or the workshop:<br \/>\n<a href=\"https:\/\/www.linguistik.uni-freiburg.de\/43rd-annual-conference-of-the-german-linguistic-society-dgfs\/registration-1?set_language=en\" rel=\"noopener noreferrer\" target=\"_blank\">https:\/\/www.linguistik.uni-freiburg.de\/43rd-annual-conference-of-the-german-linguistic-society-dgfs\/registration-1?set_language=en<\/a><\/p>\n<p><strong>Invited speakers:<\/strong> Anastasia Giannakidou (U. Chicago) &#038; Patrick G. Grosz (U. Oslo)<\/p>\n<p><strong>Workshop organizers:<\/strong> Mingya Liu &#038; Mathias Barthel (HU Berlin)<\/p>\n<p><strong>Program committee:<\/strong> in addition to organizers and invited speakers, also Debopam Das, Markus Egg, Fabienne Martin and Florian Sch\u00e4fer (HU Berlin), Karolina Krzy\u017canowska (ILLC Amsterdam), Niels Skovgaard-Olsen (U. G\u00f6ttingen) and Yan Jiang (SOAS London)<\/p>\n<p><strong>Call for Papers:<\/strong><br \/>\nWe invite abstract submissions addressing the distribution, syntax, semantics and pragmatics of conditional connectives in relation to narrow linguistic or broad pragmatic contexts across languages, or related aspects of conditionals in general. We welcome contributions using different (e.g., formal, diachronic, experimental, corpus-linguistic, computational) methods. <\/p>\n<ul>\n<li>Abstracts should be anonymous, at most 2 pages long with 2.5cm margins on all sides, and must use Time New Roman font of at least 11 points. References should be listed on the first page, with data and diagrams on the second page. Each author may submit up to one single authored abstract and one joint abstract. Please submit abstracts electronically in PDF format by September 15, 2020 (notification date: 05 October 2020):<br \/>\n<a href=\"https:\/\/easychair.org\/conferences\/?conf=spoccdgfs2021\" rel=\"noopener noreferrer\" target=\"_blank\">https:\/\/easychair.org\/conferences\/?conf=spoccdgfs2021<\/a><\/li>\n<li>Accepted abstracts will be assigned for 30-minute oral presentations (including 10 minutes of discussion) in English. <\/li>\n<li>A selection of the accepted presentations will be invited to submit a short paper (3000- 4000 words plus references or other supplementary materials) for publication through peer review within the open Special Issue of Linguistics Vanguard: Natural Language Conditionals and Conditional Reasoning:<br \/>\n<a href=\"https:\/\/www.degruyter.com\/view\/journals\/lingvan\/5\/s3\/lingvan.5.issue-s3.xml\" rel=\"noopener noreferrer\" target=\"_blank\">https:\/\/www.degruyter.com\/view\/journals\/lingvan\/5\/s3\/lingvan.5.issue-s3.xml<\/a><br \/>\nIf you are interested in this publication option, please add \u201cSI:\u201d in your abstract title.<\/li>\n<li>A limited number of travel grants of up to 500 Euro are available for accepted contributions by DGfS members without\/with low income. Please note that based on the DGfS regulations, one may not present at more than one workshop at the conference while being able to co-author more than one presentation. While we hope that the conference can take place as planned, there might be changes due to Covid-19.<\/li>\n<\/ul>\n<p><strong>Meeting Description:<\/strong><br \/>\nThe SPOCC@DGfS2021 workshop will be part of the 43rd Annual Conference of the German Linguistic Society (DGfS-Jahrestagung 2021: <a href=\"https:\/\/dgfs2021.uni-freiburg.de\/\" rel=\"noopener noreferrer\" target=\"_blank\">https:\/\/dgfs2021.uni-freiburg.de\/<\/a>). The conference will take place on February 24-26, 2021, in Freiburg\/Germany. <\/p>\n<p>Conditionals are a widely studied topic in linguistics and cognitive science. One debate in the formal literature of semantics and pragmatics is concerned with the meaning contribution of conditional connectives (CCs). According to the restrictor analysis (Kratzer 1986\/1991), English <em>if<\/em> is an operator with no semantics on its own and <em>if<\/em>-clauses are used to restrict overt or covert modal operators or generic frequency operators. This analysis has inspired many insightful follow-up studies through which it becomes clear that the interpretation of conditional sentences and their semantic\/pragmatic properties are subject to a process of semantic and pragmatic modulation. However, the modulating role of CCs in conditional sentences remains far from clear. In order to study the semantics and pragmatics of CCs, especially how they modulate the interpretation of conditionals in interaction with narrow and broad context, the SPOCC Project (<a href=\"https:\/\/www.xprag.de\/?page_id=4780\" rel=\"noopener noreferrer\" target=\"_blank\">https:\/\/www.xprag.de\/?page_id=4780<\/a>) focuses on the following three empirical domains at the semantics-pragmatics interface:<\/p>\n<ul>\n<li><strong>Biconditionals and conditional perfection:<\/strong> Natural language possesses CCs that are arguably inherently biconditional, for example, <em>on condition that<\/em> or the so-called exceptive conditionals e.g. English <em>only if<\/em>, <em>except if<\/em>, <em>unless<\/em> or Mandarin <em>chufei<\/em>, <em>cai<\/em> (cf. Montolio 2000, Alexe 2013, Espino and Villar 2016). It is not clear to what extent these exceptive CCs resemble \/ differ from one another, in one language and across languages. Take for example the English exceptive CCs <em>except if<\/em> and <em>unless<\/em>: While some authors hold that they are semantically equivalent (Declerck and Reed 2000, Geis 1973), others argue that they differ in establishing exceptive spaces of different kinds (Dancygier and Sweetser 2005). In Spanish, apparently similar exceptive CCs differ in their ability to combine with mood: <em>Excepto si<\/em> \/ <em>salso si<\/em> (counterparts of English <em>except if<\/em>) can be combined with either indicative or subjunctive, whereas <em>a menos que<\/em> \/ <em>a no ser que<\/em> (counterparts of English <em>unless<\/em>) can only be combined with the subjunctive mood (Espino, Rodr\u00edguez, Oliva and S\u00e1nchez-Curbelo 2015: 41). According to some researchers (Garc\u00eda-Madruga et al. 2008), exceptive conditionals differ from basic conditionals and also differ among themselves in terms of processing complexity. While biconditional CCs mark the antecedent as the necessary condition for the consequent semantically, some CCs arguably do so only pragmatically (Geis and Zwicky 1971, van der Auwera 1997, Horn 2000, Johnson-Laird and Byrne 2002, Noveck, Bonnefond and van der Henst 2011, et seq.). The observation that basic CCs (e.g. English <em>if<\/em>) sometimes get a biconditional (i.e. <em>iff<\/em>) interpretation obtains across languages. However, few studies investigate the exact influence of the type of CCs (e.g. less typical and\/or more complex ones) or that of discourse context in this respect. <\/li>\n<li><strong>Non-at-issue meanings:<\/strong> While it is controversial whether conditional perfection involves pragmatic inferences, conditionals undoubtedly induce pragmatic inferences at the levels of presuppositions and implicatures. Visconti (1996a: 555), for example, argues that CCs can contribute secondary \u2013 in recent terms, \u2018non-at-issue\u2019 \u2013 meanings concerning a \u2018propositional attitude\u2019 towards the modified propositions, such as the speaker\u2019s epistemic, deontic or emotional evaluation towards the antecedent or the consequent. In Italian, Visconti claims that the CCs <em>nel caso che<\/em> \u2018in the case that\u2019, <em>nell\u2019eventualit\u00e0 che<\/em> \u2018in the eventuality that\u2019 and casomai \u2018if-ever\u2019 differ in terms of the speaker\u2019s attitude towards the antecedent \u2018p\u2019 that is expressed at the level of conventional implicatures: While nel caso che is epistemically neutral, nell\u2019eventualit\u00e0 che expresses a negative bias \u2018unlikely(p)\u2019 and <em>casomai<\/em> conveys an even stronger bias, namely, \u2018improbable(p)\u2019. In Liu (2019) and Liu and Wang (2020), the authors report cross-linguistic and experimental evidence from German and Mandarin that CCs show differences in terms of speaker commitment (see Giannakidou and Mari 2017) at the non-at-issue dimension. In addition to epistemic commitment, conditionals can also trigger causal inferences, the semantic and pragmatic nature of which is under debate (Schulz 2011; Krzy\u017canowska 2019;  Krzy\u017canowska, Collins and Hahn 2017, Skovgaard-Olsen in press; Skovgaard-Olsen, Singmann and Klauer 2016).<\/li>\n<li><strong>Polarity items and discourse particles:<\/strong> Another empirical domain where conditionals have been studied is related to their ability to license\/anti-license polarity items (see Ladusaw 1980, Heim 1984, Giannakidou 1998, von Fintel 1999). Moving from basic CCs to less basic ones, Mandarin counterfactual CC <em>yaobushi<\/em> \u2018if-not\u2019 (Jiang 2019) does not license negative polarity items (NPIs) unlike <em>ruguo\/yaoshi\u2026bu<\/em> \u2018if\u2026not\u2019 (cf. Ippolito and Su 2014 for their analysis of the negative infix as light negation). Also, it has been claimed in Geis (1973) and Leslie (2008) that <em>unless<\/em>-clauses do not license NPIs unlike their semantic counterpart <em>if\u2026not<\/em>. Hokesema (2012) points out that while the contrast between <em>unless<\/em> and <em>if\u2026not<\/em> seems to hold for a great number of NPIs, <em>unless<\/em>-conditionals do license weak NPIs such as <em>any<\/em>, <em>ever<\/em> and <em>at all<\/em>. However, the validity of the observation is far from clear, let alone a formal account thereof. Concerning positive polarity items (PPIs), Liu (2012) has noted that near-synonymous evaluative adverbs (EADVs) such as <em>leider\/unglu\u0308cklicherweise<\/em> \u2018unfortunately\u2019 in German that tend not to occur with sentence negation (i.e. show PPI properties) do not have the same distributional behavior w.r.t. conditionals (e.g. with the German CCs <em>wenn<\/em> vs. <em>falls<\/em>). These phenomena raise questions w.r.t. the degrees of speaker commitment expressed by NPIs, PPIs, CCs, other discourse particles as well as their ways of interaction, which await in-depth investigations.<\/li>\n<\/ul>\n<p>Logical connectives and operators in natural language have been a key empirical domain of study in theoretical and psycholinguistics. However, CCs are quite understudied, especially in comparison to the well-studied negation, disjunction and quantifiers. The workshop aims to bring together current studies that address the distribution, syntax, semantics and pragmatics of CCs in relation to narrow linguistic or broad pragmatic contexts across languages (on but not restricted to the questions listed above), as well as studies on conditionals in general. We welcome contributions using different (e.g., formal semantic\/pragmatic, diachronic, experimental, corpus-linguistic) methods. <\/p>\n<p>Selected references:<br \/>\n&#8211;\tAlexe, R. (2013). Classification of complex conditional connectives in Romanian. Bulletin of the Transilvania University of Bra\u015fov 6(55), 35-40.<br \/>\n&#8211;\tArregui, A. C. (2005). On the accessibility of possible worlds: the role of tense and aspect. Doctoral Dissertation, UMass Amherst.<br \/>\n&#8211;\tVan der Auwera, J. (1997). Pragmatics in the last quarter century: The case of conditional perfection. Journal of Pragmatics 27: 261-274.<br \/>\n&#8211;\tBl\u00fcmel, A. (2019) Adnominal conditionals in German. Linguistics Vanguard 5(s3).<br \/>\n&#8211;\tBonnefond, M., Van der Henst, J., Gougain, M., Robic, S., Olsen, M., Weiss, O., &#038; Noveck, I. (2012). How pragmatic interpretations arise from conditionals: Profiling the Affirmation of the Consequent argument with reaction time and EEG measures. Journal of Memory and Language, 67(4), 468- 485.<br \/>\n&#8211;\tCsipak, E. (2019). Adverbial clauses and V3. Linguistics Vanguard 5(s3).<br \/>\n&#8211;\tvan Canegem-Ardijns, I. and W. van Belle. (2008). Conditionals and types of conditional<br \/>\nperfection. Journal of Pragmatics 40: 349-376.<br \/>\n&#8211;\tDancygier, R. and E. Sweetser. (2005). Mental Spaces in Grammar: Conditional construction. Cambridge University Press.<br \/>\n&#8211;\tDeclerck, E. and S. Reed. (2000). The Semantics and Pragmatics of unless. English Language and Linguistics 4, 201-241.<br \/>\n&#8211;\tEspino O. and B. Villar. (2016). Priming Effect in affirmative complex conditional connectives. Journal of Cognitive Psychology: DOI: 10.1080\/20445911.2016.1188820<br \/>\n&#8211;\tvon Fintel, K. (1999). NPI Licensing, Strawson Entailment, and Context dependency. Journal of Semantics 16(2): 97-148.<br \/>\n&#8211;\tGarc\u00eda-Madruga, J.A., N. Carriedo, S. Moreno-R\u00edos, F. Guti\u00e9rrey and W. Schaeken. (2008).<br \/>\nUnless reasoning. The Spanish Journal of Psychology 11(2): 386-399.<br \/>\n&#8211;\tGeis, M. L. and A. M. Zwicky. (1971). On invited inferences. Linguistic Inquiry 2: 561-566.<br \/>\n&#8211;\tGeis, M. (1973). If and Unless. In B. Kachru, R. Lees, Y.Malkiel, A. Petrangeli and S. Saporta (Eds.), Issues in Linguistics: Papers in Honor of Henry and Renee Kahane, 231\u2013253. Urbana: University of Illinois Press.<br \/>\n&#8211;\tGiannakidou, A. (1998). Polarity Sensitivity as (Non)veridical Dependency. John Benjamins, Amsterdam-Philadelphia.<br \/>\n&#8211;\tGiannakidou, A. &#038; A. Mari. (2017). Epistemic future and epistemic MUST: Nonveridicality, evidence, and partial knowledge. In Joanna Blaszczak, Anastasia Giannakidou, Dorota Klimek-Jankowska &#038; Krzysztof Migdalski (eds.), Mood, Aspect, Modality Revisited: New Answers to Old Questions, 75\u2013124. Chicago: University of Chicago Press.<br \/>\n&#8211;\tGrosz, P. G. (2012). On the Grammar of Optative Constructions. Amsterdam; Philadelphia : John Benjamins Pub. Co.<br \/>\n&#8211;\tHeim, I. (1984). A note on negative polarity and downward entailingness. In C. Jones and P. Sells (Eds.), Proceedings of NELS 14, 98-107. Amherst: GLSA.<br \/>\n&#8211;\tHoeksema, J. (2012). On the natural history of negative polarity items. Linguistic Analysis 38: 3-34.<br \/>\n&#8211;\tHorn, L. R. (2000). From IF to IFF: Conditional perfection as pragmatic strengthening. Journal of Pragmatics 32, 289\u2013326.<br \/>\n&#8211;\tIppolito, M. and J. Su. (2014). Counterfactuals, negation and polarity. In L. Crn\u012dc and U. Sauerland (Eds.), The Art and Craft of Semantics: A Festschrift for Irene Heim, 225-243. Cambridge: MITWPL.<br \/>\n&#8211;\tJiang, Y. (2014). On the lexical meaning of conditional connectives in Chinese. In X. Su and T. He (Eds.): CLSW 2014, LNAI 8922, 43-54.<br \/>\n&#8211;\tJiang, Y. Ways of Expressing Counterfactual Meaning in Context, Linguistics Vanguard.<br \/>\n&#8211;\tLINGVAN: vol:5 (2019), iss:S3.<br \/>\n&#8211;\tJohnson-Laird, P.N. and R.M.J. Byrne. (2002). Conditionals: A theory of meaning, pragmatics and inference. Psychological Review 109(4), 646-678.<br \/>\n&#8211;\tKratzer, A. (1991). Conditionals. In A. von Stechow and D. Wunderlich (Eds.), Semantics: an international handbook of contemporary research, 651\u2013656. Berlin: De Gruyter.<br \/>\n&#8211;\tKratzer, A. (1986). Conditionals. Chicago Linguistics Society 22(2), 1-15.<br \/>\n&#8211;\tKrzy\u017canowska, K. Collins, P. and Hanh, U. (2017). Between a conditional\u2019s antecedent and its consequent: discourse coherence vs. probabilistic relevance. Cognition, Volume 164, pp. 199-205.<br \/>\n&#8211;\tKrzy\u017canowska, K. (2019). What Is Wrong with False-Link Conditionals?  Linguistics Vanguard 5(s3).<br \/>\n&#8211;\tLadusaw, W. (1980). Polarity Sensitivity as Inherent Scope Relations. Garland, New York.<br \/>\n&#8211;\tLeslie, S.-J. (2008). \u201cIf\u201d, \u201cunless\u201d, and quantification. Compositionality, Context and Semantic Values. Volume 85 of the series Studies in Linguistics and Philosophy: 3-30.<br \/>\n&#8211;\tLiu, M. (2012). Multidimensional Semantics of Evaluative Adverbs. Leiden\/Boston: Brill.<br \/>\n&#8211;\tLiu, M. (ed). (2019). Natural Language Conditionals and Conditional Reasoning. Special Issue of Linguistics Vanguard 5(s3).<br \/>\n&#8211;\tLiu, M. (2019). The Elastic Nonveridicality Property of Indicative Conditionals. Linguistics Vanguard 5(s3).<br \/>\n&#8211;\tLiu, M. (2019). Current Issues in Conditionals. Linguistics Vanguard 5(s3).<br \/>\n&#8211;\tLiu, M. and Wang, Y. (2020). Non-at-issue Meanings of Mandarin Conditional Connectives. In Proceedings of the 21th Chinese Lexical Semantics Workshop, the City University of Hong Kong.<br \/>\n&#8211;\tMartin, F. (2015). The fake imperfective aspect in subjunctive conditionals is real. Proceedings of NELS 46.<br \/>\n&#8211;\tMontol\u00edo, E. (2000). On affirmative and negative complex conditional connectives. In Couper-Kuhlen, E. and B. Kortmenn (Eds.), Cause, Condition, Concession, Contrast. Mouton de Gruyter. New York.<br \/>\n&#8211;\tNoveck, I., M. Bonneford and J.-B. Van der Henst. (2011). A deflationary account of invited inferences. Belgian Journal of Linguistics 25: 195-208.<br \/>\n&#8211;\tSchulz, K. (2011). \u201cIf you&#8217;d wiggled A, then B would&#8217;ve changed\u201d: Causality and counterfactual conditionals. Synthese 179 (2), 239-251.<br \/>\n&#8211;\tSkovgaard-Olsen, N., Singmann, H. &#038; Klauer, K. C. (2016). The relevance effect and conditionals. Cognition, 150, 26-36.<br \/>\n&#8211;\tSkovgaard-Olsen, N. (in press). Relevance and Conditionals: A Synopsis. In Elqayam, S., Douven, I., Cruz, N., Evans, J. (eds.), Festschrift for David Over. Routledge.<br \/>\n&#8211;\tVisconti, J. (1996a). On English and Italian complex conditional connectives: Matching features and implicatures in defining semanto-pragmatic equivalence. Language Sciences 18(1): 549-573.<br \/>\n&#8211;\tVisconti, J. (1996b). Deverbal conditional connectives in English and Italian. The Italianist 16(1): 305-325.<br \/>\n&#8211;\tWeisser, P. (2019). Equal rights for all conditionals. Linguistics Vanguard 5(s3).<\/p>\n","protected":false},"excerpt":{"rendered":"<p>Time and venue: Virtually on 24.-26. February 2021 at the University of Freiburg, Germany Details of the DGfS-annual meeting can be found on this link: https:\/\/www.linguistik.uni-freiburg.de\/dgfs-jahrestagung-2021 Registration is now open. Please register if you plan to attend the conference or the workshop: https:\/\/www.linguistik.uni-freiburg.de\/43rd-annual-conference-of-the-german-linguistic-society-dgfs\/registration-1?set_language=en Invited speakers: Anastasia Giannakidou (U. Chicago) &#038; Patrick G. Grosz (U. Oslo) &hellip; <a href=\"https:\/\/www.xprag.de\/?page_id=8989\" class=\"more-link\">Continue reading <span class=\"screen-reader-text\">The Semantics and Pragmatics of Conditional Connectives (workshop at the 43rd Annual Conference of the DGfS)<\/span> <span class=\"meta-nav\">&rarr;<\/span><\/a><\/p>\n","protected":false},"author":1,"featured_media":0,"parent":0,"menu_order":0,"comment_status":"closed","ping_status":"closed","template":"project.php","meta":{"footnotes":""},"_links":{"self":[{"href":"https:\/\/www.xprag.de\/index.php?rest_route=\/wp\/v2\/pages\/8989"}],"collection":[{"href":"https:\/\/www.xprag.de\/index.php?rest_route=\/wp\/v2\/pages"}],"about":[{"href":"https:\/\/www.xprag.de\/index.php?rest_route=\/wp\/v2\/types\/page"}],"author":[{"embeddable":true,"href":"https:\/\/www.xprag.de\/index.php?rest_route=\/wp\/v2\/users\/1"}],"replies":[{"embeddable":true,"href":"https:\/\/www.xprag.de\/index.php?rest_route=%2Fwp%2Fv2%2Fcomments&post=8989"}],"version-history":[{"count":11,"href":"https:\/\/www.xprag.de\/index.php?rest_route=\/wp\/v2\/pages\/8989\/revisions"}],"predecessor-version":[{"id":9469,"href":"https:\/\/www.xprag.de\/index.php?rest_route=\/wp\/v2\/pages\/8989\/revisions\/9469"}],"wp:attachment":[{"href":"https:\/\/www.xprag.de\/index.php?rest_route=%2Fwp%2Fv2%2Fmedia&parent=8989"}],"curies":[{"name":"wp","href":"https:\/\/api.w.org\/{rel}","templated":true}]}}